






{"id":172,"date":"2022-05-20T09:14:29","date_gmt":"2022-05-20T07:14:29","guid":{"rendered":"https:\/\/www.weingut-nicklis.de\/weinshop\/?page_id=172"},"modified":"2022-10-24T11:51:00","modified_gmt":"2022-10-24T09:51:00","slug":"liefer-und-versandbedingungen","status":"publish","type":"page","link":"https:\/\/www.weingut-nicklis.de\/weinshop\/liefer-und-versandbedingungen\/","title":{"rendered":"Liefer- und Versandkosten"},"content":{"rendered":"<div class=\"wpb-content-wrapper\"><p>[vc_row css=&#8221;.vc_custom_1666275421670{padding-top: 4em !important;}&#8221;][vc_column][vc_column_text]<\/p>\n<h4 style=\"letter-spacing: 2px; text-align: center;\">Liefer- und Versandkosten<\/h4>\n<p>[\/vc_column_text][\/vc_column][\/vc_row][vc_row gap=&#8221;25&#8243;][vc_column][vc_column_text]<strong style=\"color: #b09c0e; font-size: 20px;\">Versand<\/strong><\/p>\n<p>Der Versand erfolgt mit dem Paketdienst (DHL) innerhalb Deutschlands (ohne Inseln) bis 84 Flaschen. Wir versenden immer 6 oder 12 Flaschen im Karton.<\/p>\n<p>Die Flaschen werden Ihnen in speziellen Versandkartons zugeschickt. Sie k\u00f6nnen Ihr Paket individuell zusammenstellen. Wichtig ist, dass die Kartons komplett bef\u00fcllt sind, denn die Flaschen sollen heil bei Ihnen eintreffen. Darum bitten wir Sie bei Ihrer Bestellung auf die Gesamtmenge zu achten.<\/p>\n<p><strong>Lieferung an Ihre Wunschadresse<\/strong><br \/>\nSie sind tags\u00fcber nicht zu Hause? &#8211; Kein Problem!<br \/>\nWir liefern Ihre Bestellung innerhalb von Deutschland an eine von Ihnen gew\u00fcnschte Lieferadresse. Ob nach Hause, an die Arbeitsstelle, den Nachbarn oder zu Freunden. Bitte teilen Sie uns Ihre Wunschadresse im Bestellformular w\u00e4hrend des Bestellvorgangs mit.<\/p>\n<p>Die Lieferzeit betr\u00e4gt ca. 3 \u2013 5 Werktage.<\/p>\n<p>&nbsp;<\/p>\n<p><strong style=\"color: #b09c0e; font-size: 20px;\">Versandkosten<\/strong><\/p>\n<p>Die Versandkosten werden automatisch von unserem Shopsystem errechnet und Ihnen noch vor Abschluss einer Bestellung angezeigt.<\/p>\n<p><strong>Versandkosten innerhalb von Deutschland (ohne Inseln) von 6 bis 84 Flaschen mit DHL:<\/strong><br \/>\nDie Versandkosten staffeln sich nach Anzahl der jeweiligen Versandkartons und betragen pro Bestellung:<br \/>\n6 Flaschen = 8,00 EUR<br \/>\n12 Flaschen = 9,00 EUR<\/p>\n<p><strong>Versandkosten innerhalb von Deutschland (ohne Inseln) von 85 bis 360 Flaschen mit Spedition:<\/strong><br \/>\nDie Versandkosten staffeln sich nach der jeweiligen Flaschenanzahl und betragen pro Bestellung:<br \/>\n85 \u2013 120 Flaschen 65,00 EUR (pro Auftrag auf einer \u00bd Palette)<br \/>\n121 \u2013 179 Flaschen 75,00 EUR (pro Auftrag auf einer Einweg- oder Euro-Palette)<br \/>\n180 \u2013 240 Flaschen 0,45 EUR (pro Flasche)<br \/>\n241 \u2013 360 Flaschen 0,40 EUR (pro Flasche)<\/p>\n<p>&nbsp;<\/p>\n<p><strong style=\"color: #b09c0e; font-size: 20px;\">Selbstabholung<\/strong><\/p>\n<p><strong>Sie k\u00f6nnen Ihren bestellten Wein nat\u00fcrlich auch bei uns im Weingut abholen.<\/strong> W\u00e4hlen Sie dann bei der Bestellung <strong>&#8220;Abholung im Weingut&#8221;<\/strong>. Dadurch entfallen die Versandkosten.[\/vc_column_text][\/vc_column][\/vc_row][vc_row content_placement=&#8221;top&#8221; css=&#8221;.vc_custom_1653560366174{margin-top: 0em !important;margin-bottom: 0em !important;border-top-width: 1px !important;padding-top: 0em !important;border-top-color: #424e51 !important;border-top-style: solid !important;}&#8221;][vc_column css=&#8221;.vc_custom_1652952148779{margin-top: 0em !important;margin-bottom: 0em !important;padding-top: 0em !important;padding-bottom: 0em !important;}&#8221;][\/vc_column][\/vc_row][vc_row gap=&#8221;25&#8243; css=&#8221;.vc_custom_1653560375775{padding-bottom: 3em !important;}&#8221;][vc_column][vc_column_text]<strong style=\"color: #b09c0e; font-size: 20px;\">Vorgehensweise bei besch\u00e4digten Sendungen<\/strong><\/p>\n<p>Die Mehrzahl unserer Lieferungen kommt unbeschadet beim Empf\u00e4nger an. Falls Ihnen beim Empfang der Ware bereits sichtbare Sch\u00e4den auffallen sollten, teilen Sie diese bitte sofort dem jeweiligen Zusteller mit. Anschlie\u00dfend k\u00f6nnen Sie die Ware vorbehaltlich annehmen, oder Sie verweigern die Annahme und lassen den Fahrer das Paket wieder mitnehmen.<\/p>\n<p><strong>Sollten Sie trotz intakter Verpackung nach dem Auspacken Besch\u00e4digungen oder M\u00e4ngel an der Ware feststellen, so sind diese sp\u00e4testens innerhalb von 3 Tagen nach Empfang der Ware uns gegen\u00fcber geltend zu machen.<\/strong><\/p>\n<p>Unabh\u00e4ngig davon, ob es sich um sichtbare oder nicht sichtbare M\u00e4ngel handelt, melden Sie sich bitte vorab bei uns (telefonisch unter +49 (0)6345-1804 oder per Email info@weingut-nicklis.de), damit wir die weitere Vorgehensweise gemeinsam kl\u00e4ren k\u00f6nnen.[\/vc_column_text][\/vc_column][\/vc_row][vc_row][vc_column][vc_single_image image=&#8221;74&#8243; img_size=&#8221;full&#8221; alignment=&#8221;center&#8221; css_animation=&#8221;none&#8221;][\/vc_column][\/vc_row][vc_row content_placement=&#8221;bottom&#8221; css=&#8221;.vc_custom_1653560340096{margin-bottom: 0px !important;padding-top: 0px !important;padding-bottom: 3em !important;background-image: url(https:\/\/www.weingut-nicklis.de\/weinshop\/wp-content\/uploads\/2022\/05\/linie-senkrecht.png?id=108) !important;background-position: 0 0 !important;background-repeat: repeat !important;}&#8221; el_class=&#8221;linie-buttom&#8221;][vc_column css=&#8221;.vc_custom_1652965195049{background-position: 0 0 !important;background-repeat: repeat !important;}&#8221;][\/vc_column][\/vc_row]<\/p>\n<\/div>","protected":false},"excerpt":{"rendered":"<p>[vc_row css=&#8221;.vc_custom_1666275421670{padding-top: 4em !important;}&#8221;][vc_column][vc_column_text] Liefer- und Versandkosten [\/vc_column_text][\/vc_column][\/vc_row][vc_row gap=&#8221;25&#8243;][vc_column][vc_column_text]Versand Der Versand erfolgt mit dem Paketdienst (DHL) innerhalb Deutschlands (ohne Inseln) bis 84 Flaschen. Wir versenden immer 6 oder 12 Flaschen im Karton. Die Flaschen werden Ihnen in speziellen Versandkartons zugeschickt. Sie k\u00f6nnen Ihr Paket individuell zusammenstellen. Wichtig ist, dass die Kartons komplett bef\u00fcllt sind, denn&hellip;<\/p>\n","protected":false},"author":1,"featured_media":0,"parent":0,"menu_order":0,"comment_status":"closed","ping_status":"open","template":"","meta":{"footnotes":""},"class_list":["post-172","page","type-page","status-publish","hentry","description-off"],"yoast_head":"<!-- This site is optimized with the Yoast SEO plugin v27.5 - https:\/\/yoast.com\/product\/yoast-seo-wordpress\/ -->\n<title>Liefer- und Versandkosten | Weinshop Nicklis Gleisweiler<\/title>\n<meta name=\"robots\" content=\"index, follow, max-snippet:-1, max-image-preview:large, max-video-preview:-1\" \/>\n<link rel=\"canonical\" href=\"https:\/\/www.weingut-nicklis.de\/weinshop\/liefer-und-versandbedingungen\/\" \/>\n<meta property=\"og:locale\" content=\"de_DE\" \/>\n<meta property=\"og:type\" content=\"article\" \/>\n<meta property=\"og:title\" content=\"Liefer- und Versandkosten | Weinshop Nicklis Gleisweiler\" \/>\n<meta property=\"og:description\" content=\"[vc_row css=&#8221;.vc_custom_1666275421670{padding-top: 4em !important;}&#8221;][vc_column][vc_column_text] Liefer- und Versandkosten [\/vc_column_text][\/vc_column][\/vc_row][vc_row gap=&#8221;25&#8243;][vc_column][vc_column_text]Versand Der Versand erfolgt mit dem Paketdienst (DHL) innerhalb Deutschlands (ohne Inseln) bis 84 Flaschen. Wir versenden immer 6 oder 12 Flaschen im Karton. Die Flaschen werden Ihnen in speziellen Versandkartons zugeschickt. Sie k\u00f6nnen Ihr Paket individuell zusammenstellen. Wichtig ist, dass die Kartons komplett bef\u00fcllt sind, denn&hellip;\" \/>\n<meta property=\"og:url\" content=\"https:\/\/www.weingut-nicklis.de\/weinshop\/liefer-und-versandbedingungen\/\" \/>\n<meta property=\"og:site_name\" content=\"Weinshop Nicklis Gleisweiler\" \/>\n<meta property=\"article:modified_time\" content=\"2022-10-24T09:51:00+00:00\" \/>\n<meta property=\"og:image\" content=\"https:\/\/www.weingut-nicklis.de\/weinshop\/wp-content\/uploads\/2023\/11\/weinshop-1200x675-1.jpg\" \/>\n\t<meta property=\"og:image:width\" content=\"1200\" \/>\n\t<meta property=\"og:image:height\" content=\"675\" \/>\n\t<meta property=\"og:image:type\" content=\"image\/jpeg\" \/>\n<meta name=\"twitter:card\" content=\"summary_large_image\" \/>\n<meta name=\"twitter:label1\" content=\"Gesch\u00e4tzte Lesezeit\" \/>\n\t<meta name=\"twitter:data1\" content=\"3\u00a0Minuten\" \/>\n<!-- \/ Yoast SEO plugin. -->","yoast_head_json":{"title":"Liefer- und Versandkosten | Weinshop Nicklis Gleisweiler","robots":{"index":"index","follow":"follow","max-snippet":"max-snippet:-1","max-image-preview":"max-image-preview:large","max-video-preview":"max-video-preview:-1"},"canonical":"https:\/\/www.weingut-nicklis.de\/weinshop\/liefer-und-versandbedingungen\/","og_locale":"de_DE","og_type":"article","og_title":"Liefer- und Versandkosten | Weinshop Nicklis Gleisweiler","og_description":"[vc_row css=&#8221;.vc_custom_1666275421670{padding-top: 4em !important;}&#8221;][vc_column][vc_column_text] Liefer- und Versandkosten [\/vc_column_text][\/vc_column][\/vc_row][vc_row gap=&#8221;25&#8243;][vc_column][vc_column_text]Versand Der Versand erfolgt mit dem Paketdienst (DHL) innerhalb Deutschlands (ohne Inseln) bis 84 Flaschen. Wir versenden immer 6 oder 12 Flaschen im Karton. Die Flaschen werden Ihnen in speziellen Versandkartons zugeschickt. Sie k\u00f6nnen Ihr Paket individuell zusammenstellen. Wichtig ist, dass die Kartons komplett bef\u00fcllt sind, denn&hellip;","og_url":"https:\/\/www.weingut-nicklis.de\/weinshop\/liefer-und-versandbedingungen\/","og_site_name":"Weinshop Nicklis Gleisweiler","article_modified_time":"2022-10-24T09:51:00+00:00","og_image":[{"width":1200,"height":675,"url":"https:\/\/www.weingut-nicklis.de\/weinshop\/wp-content\/uploads\/2023\/11\/weinshop-1200x675-1.jpg","type":"image\/jpeg"}],"twitter_card":"summary_large_image","twitter_misc":{"Gesch\u00e4tzte Lesezeit":"3\u00a0Minuten"},"schema":{"@context":"https:\/\/schema.org","@graph":[{"@type":"WebPage","@id":"https:\/\/www.weingut-nicklis.de\/weinshop\/liefer-und-versandbedingungen\/","url":"https:\/\/www.weingut-nicklis.de\/weinshop\/liefer-und-versandbedingungen\/","name":"Liefer- und Versandkosten | Weinshop Nicklis Gleisweiler","isPartOf":{"@id":"https:\/\/www.weingut-nicklis.de\/weinshop\/#website"},"datePublished":"2022-05-20T07:14:29+00:00","dateModified":"2022-10-24T09:51:00+00:00","breadcrumb":{"@id":"https:\/\/www.weingut-nicklis.de\/weinshop\/liefer-und-versandbedingungen\/#breadcrumb"},"inLanguage":"de","potentialAction":[{"@type":"ReadAction","target":["https:\/\/www.weingut-nicklis.de\/weinshop\/liefer-und-versandbedingungen\/"]}]},{"@type":"BreadcrumbList","@id":"https:\/\/www.weingut-nicklis.de\/weinshop\/liefer-und-versandbedingungen\/#breadcrumb","itemListElement":[{"@type":"ListItem","position":1,"name":"Startseite","item":"https:\/\/www.weingut-nicklis.de\/weinshop\/"},{"@type":"ListItem","position":2,"name":"Liefer- und Versandkosten"}]},{"@type":"WebSite","@id":"https:\/\/www.weingut-nicklis.de\/weinshop\/#website","url":"https:\/\/www.weingut-nicklis.de\/weinshop\/","name":"Weinshop Nicklis Gleisweiler","description":"Pf\u00e4lzer Weine und Sekte aus Gleisweiler online kaufen","publisher":{"@id":"https:\/\/www.weingut-nicklis.de\/weinshop\/#organization"},"alternateName":"Weingut Nicklis","potentialAction":[{"@type":"SearchAction","target":{"@type":"EntryPoint","urlTemplate":"https:\/\/www.weingut-nicklis.de\/weinshop\/?s={search_term_string}"},"query-input":{"@type":"PropertyValueSpecification","valueRequired":true,"valueName":"search_term_string"}}],"inLanguage":"de"},{"@type":"Organization","@id":"https:\/\/www.weingut-nicklis.de\/weinshop\/#organization","name":"Weingut Nicklis Gleisweiler","alternateName":"Weingut Nicklis","url":"https:\/\/www.weingut-nicklis.de\/weinshop\/","logo":{"@type":"ImageObject","inLanguage":"de","@id":"https:\/\/www.weingut-nicklis.de\/weinshop\/#\/schema\/logo\/image\/","url":"https:\/\/www.weingut-nicklis.de\/weinshop\/wp-content\/uploads\/2022\/05\/logo-nicklis-main.png","contentUrl":"https:\/\/www.weingut-nicklis.de\/weinshop\/wp-content\/uploads\/2022\/05\/logo-nicklis-main.png","width":245,"height":75,"caption":"Weingut Nicklis Gleisweiler"},"image":{"@id":"https:\/\/www.weingut-nicklis.de\/weinshop\/#\/schema\/logo\/image\/"},"sameAs":["https:\/\/www.instagram.com\/weingut.nicklis\/"]}]}},"publishpress_future_workflow_manual_trigger":{"enabledWorkflows":[]},"_links":{"self":[{"href":"https:\/\/www.weingut-nicklis.de\/weinshop\/wp-json\/wp\/v2\/pages\/172","targetHints":{"allow":["GET"]}}],"collection":[{"href":"https:\/\/www.weingut-nicklis.de\/weinshop\/wp-json\/wp\/v2\/pages"}],"about":[{"href":"https:\/\/www.weingut-nicklis.de\/weinshop\/wp-json\/wp\/v2\/types\/page"}],"author":[{"embeddable":true,"href":"https:\/\/www.weingut-nicklis.de\/weinshop\/wp-json\/wp\/v2\/users\/1"}],"replies":[{"embeddable":true,"href":"https:\/\/www.weingut-nicklis.de\/weinshop\/wp-json\/wp\/v2\/comments?post=172"}],"version-history":[{"count":0,"href":"https:\/\/www.weingut-nicklis.de\/weinshop\/wp-json\/wp\/v2\/pages\/172\/revisions"}],"wp:attachment":[{"href":"https:\/\/www.weingut-nicklis.de\/weinshop\/wp-json\/wp\/v2\/media?parent=172"}],"curies":[{"name":"wp","href":"https:\/\/api.w.org\/{rel}","templated":true}]}}